
Evaluate 14 - (2 - (-113 - (-7 + -10 - -37))).
-121
Calculate 11 - 0 - (187 + -177) - -19.
20
What is (-22 - (-5 + -28)) + (-8 + 0 - -16)?
19
-2 - 0 - -35 - (-17 - (-3 + -4 - 1))
42
Evaluate 35 + (1 + 3 - (-5 - (25 + -33))).
36
Evaluate -13 + 4 + 57 + -50 + -2.
-4
95 - (-56 - -151 - 49)
49
Evaluate 65 + -12 + -3 - (5 + 8 + -3).
40
-29 + (-18 + 31 - -6) - -29
19
-567 + 584 + (3 - -12 - (0 + -3))
35
Evaluate 10 + -1 - ((7 - (17 + -96 + 9)) + -18).
-50
1146 + -1112 + -2 + -1
31
1 - ((-2 - (-6 - 2)) + (-1060 - -1160))
-105
Calculate 14 - -46 - (55 + -9).
14
What is the value of 3 - 16 - (-37 + 21) - 22 - 12?
-31
What is (1 - -70) + 0 - (-1 + (-15 - 18) - -42)?
63
What is the value of -25 - ((-206 - -225) + -11 + 4 + -2)?
-35
-27 - (-45 + 6) - ((-3 - -8) + -4 + -6)
17
What is (-53 - -12) + 396 + -302?
53
What is the value of (0 - 1 - -10) + (140 + -68 - 109)?
-28
Evaluate 5 + (22 - (3 - -19 - 3)) + (-1 - 10).
-3
6 + -8 - -21 - (-22 - -9)
32
What is -5 + 3 + (10 + -9 - -9) + 2 + -61?
-51
What is the value of (-49 - -37 - -68) + -64?
-8
Calculate 22 + (-25 - 29) + 58.
26
What is 5 + (-44 - (-23 - -6)) + 33?
11
14033 - 14126 - (-90 - 0)
-3
What is 269 + 66 + -299 - (0 + 73)?
-37
Evaluate -16 + 0 - -24 - 13 - -1.
-4
Calculate -7 + (-2 - -20 - -68) + 1 + -21.
59
What is -681 - -632 - (-112 + 5)?
58
What is -26 + 4 - (-309 + 274)?
13
Evaluate 5 + 4 - (-2 - -99 - (-35 + 24 - -5)).
-94
What is (95 - 112 - (-3 + -1)) + (-21 - -2)?
-32
What is -105 - -4 - (4102 + -4141)?
-62
-1 - (11 - 1 - (-5 - -8)) - (-44 - -27)
9
Evaluate 101 + -23 + 26 + 4 + 1 + 10.
119
What is the value of 63 - (63 - -69) - (-4 - (1 + -1)) - -10?
-55
0 - (-2 - -8 - -2 - (60 + -55))
-3
Calculate -10 - (1 + -8) - (10 + 5 - 24).
6
Calculate (2 + 12 - 8 - 4) + 12.
14
Evaluate (-26 - 8) + (11 - ((8 - 3) + 9)) + -11.
-48
-17 + (3 - -23) + (-44 - 10)
-45
Calculate 6 + (0 - 1) + (-333 - -317) + -19.
-30
(0 + 34 - 28) + ((6 - 10) + 34 - -4)
40
Calculate -41 + (17 + -44 - -17).
-51
What is the value of 5738 + -5624 - (41 - 1)?
74
What is the value of -61 - (-26 - (-42 + -7 - -23))?
-61
Calculate (-73 - (7 + -94)) + (0 + -1 - 55).
-42
What is 38 + -1 + (-30 - -1) + -625 + 648?
31
What is the value of (115 - 124) + -1 + -12 - (-28 - -27)?
-21
What is 33 + -9 + -11 + -10 - (-2 - 10)?
15
Calculate -15 + (8 - -61) + 20 + 10 + 2.
86
Calculate (-63 - -3) + 470 + -417.
-7
Evaluate 16 + (-76 - (17 - 1 - (32 + -19))).
-63
1 + -5 - (-34 - (-4 - -6)) - (306 - 310)
36
What is -18 - (-2 + -6 - (1 + 1))?
-8
What is -26 - -77 - (107 + -20)?
-36
What is the value of -39 + 8 + 59 + -50?
-22
What is -10 + ((-95 - 1) + (-12 - (36 + -60)) - 8)?
-102
What is the value of (-7 - 0 - 11) + (-11 - (13 + -25))?
-17
What is the value of -1 + -21 + (-35 - 11 - -43) + -15?
-40
92 + (-12 - (-13 + (-7 + 9 - (1 + -2))))
90
What is the value of 2 + -7 + 14 - -33 - 23?
19
Calculate (1 - -14) + (-47 - (-1 - 20)) + (-4 - -62).
47
What is the value of 140 + 9 + (62 - 178)?
33
(16 + -10 - 3) + -49 + 31
-15
What is -31 + -45 - (-40 + 23)?
-59
What is -12 + 0 - ((49 - 28) + 8 + 45)?
-86
(-14 - 2) + (-6 - (12 - 89))
55
What is (14 - (6 + -1)) + 0 + 40 + 5 + -3?
51
(295 + -154 - 71) + 32
102
Evaluate -18 - 2 - (6 + -39 - -26) - -25 - 33.
-21
Calculate (14 - (-3 - 4)) + -33 + 14.
2
What is the value of 5 + -13 + (7 - 18 - 14) + 11?
-22
What is -8 + (-11 - (-13 - 0)) + -15 + (9 - 4)?
-16
Evaluate 25 + 18 - 11 - 16 - 63.
-47
Calculate 45 + -2 - (-271 + 289).
25
(44 + 3 - 59) + -69
-81
-13 + -1 + 64 + 6 + -98
-42
Evaluate -10 + (-54 + 46 - (36 - -5)).
-59
Calculate (1 - -3) + (-3 - -2 - 2 - -72).
73
What is the value of (640 - 687) + (2 - -4)?
-41
-7 - (46 + 10 + 1 + -21 + -3 - 10)
-30
Evaluate 2 + 26 + 76 + -55.
49
What is the value of (-1 - 3 - (-9 + (2 - -15))) + -5 + -5?
-22
What is (18 - 25) + 25 + 1 + (-4 - 1)?
14
What is -2 + 36 + (-321 - -309) - 41?
-19
(-206 - 61 - -127) + 229
89
Calculate ((6 - -7) + -4 - -2) + 87 + -78.
20
Calculate -1375 - -1415 - (-20 - -1).
59
What is the value of -18 - ((-5 - -41) + 10 + -113)?
49
What is the value of (38 - (7 - -38)) + -1 + (1 - -104)?
97
16 - (-4 - 7 - (13 + (8 - (14 - -20))))
14
(21 - ((1 - -8) + (-3 - (-40 - -35)))) + -48
-38
Calculate -10 - (-2 - (6 + 51 - (2 - -1))).
46
What is the value of -866 - -870 - (6 + -3 - (1 + 32))?
34
Calculate -67 + (18 - 5) + (-41 - -65).
-30
Calculate -67 + -76 + (-13 - -175).
19
Evaluate (7 - -108 - -6) + 32 + -86 + 50.
117
What is the value of -195 + 162 + 62 - (-112 - 1)?
142
What is 6 - 4 - (-384 + 274)?
112
Evaluate (77 - (-6 - -4)) + 7967 + -7931.
115
Evaluate -58 + 31 + -10 - (4 - 15).
-26
1 - -4 - (1 + 19 - 20) - -15
20
(7 - (15 - 28) - (3 + -2 + 2)) + -4
13
Calculate (4 - 95) + (-603 - -781).
87
Calculate 42 + (-41 - (-4 + -39)).
44
What is (-4 - 123) + (1401 - 1199)?
75
8 - (5 + 0 + (-115 - (-57 + 31)) + -14)
106
What is the value of 1 + 47 - (171 - (-42 - -210))?
45
Calculate 11 + (-17 - (5 - 9)) + 16 + (10 - -3).
27
What is the value of 0 - -16 - (-29 - (-1 + 11 - (52 + -26)))?
29
What is -58 - (40 + 68 + -202)?
36
(51 - -3) + (-2369 - -2319)
4
What is the value of 103 + (20 - 11) + (5 + -1 + 0 - 7)?
109
What is the value of (-58 + 47 + (-2 - -1) - -18) + -1?
5
What is the value of -5 + (0 - 2) + -15 + (-17 - -36) + 30?
27
What is 10 - ((109 - 124) + (-20 - -2))?
43
Calculate -45 + -2 + 4 - (374 + -369).
-48
What is the value of (-12 - (57 + -57)) + (129 + 6 - 4)?
119
What is 12 + -18 + (-11 - -5) - -9 - (-6 - 1)?
4
What is the value of (31 - (-39 + -41 + 96)) + (11 - 1)?
25
Calculate 1 + 4 - (9 + 0 + (-17 + 6 - -9)).
-2
Calculate -284 + 287 - (1 + -2 + 43).
-39
What is the value of (-8 - -16) + -3 - 37 - (-5 + 14)?
-41
Evaluate (-36 - (-22 - -18 - 18)) + (3 - -9).
-2
Evaluate -18 - ((46 - 20) + 5) - 3.
-52
Calculate -9 - ((4 - 2) + -35 + 35 + 27 + 16).
-54
What is the value of -7 + (4 - (-26 + -10 + -13 + 16))?
30
What is the value of 0 + -53 - (-576 + 515)?
8
What is the value of -23 + -8 + -7 + -6 + 15?
-29
What is the value of -37 + (-33 - 6) + 35?
-41
32 + (-356 - -365) + (2 - (-2 + 5))
40
What is the value of 0 + 3 + (2 - -10 - 36)?
-21
Calculate 85 - (11500 + -11484 - (1 - (2 + 1))).
67
What is 39 - (65 - (-28 + 40)) - (57 + -3 + 2)?
-70
What is the value of 4 + (-221 - -209) - (2 - (82 + 2))?
74
What is (1 + 8 - (-13 + 20 + 18)) + 10?
-6
(290 - 281) + (-4 + -50 - -1)
-44
What is the value of 4 - (10 - ((67 - 20) + -7))?
34
What is the value of (-7 - 0 - (-10 - (2 + -6))) + 54 - -7?
60
What is the value of (6 - (-1 + 3)) + 18 + -7 + -61?
-46
What is 19 + 33 - (2 - (-3 + (0 - (11 + -8))))?
44
(-60 - -131) + (-3 + (-7 - -3) - 2)
62
Evaluate -4 + -3 + -6 - (-20 + 73 + -15).
-51
Calculate (7 - 1) + (-1 - (1 + -22) - (370 + -388)).
44
-8 - 101 - 15 - (-4 + 9)
-129
What is the value of 0 + -18 - (6 + -15 + -21 - -27)?
-15
Calculate 10 - (-29 + 18 + -23 + (-2 - -13)).
33
What is the value of 45 + -9 + 28 - (-1 - (-20 - -8))?
53
Evaluate (1 - -37) + -91 + -12.
-65
Evaluate (0 - (0 + 0) - -10) + -311 + 662 + -324.
37
7 + 0 + -92 + (-29 - (10 - 23))
-101
-64 + -39 + 118 + 19
34
Evaluate 1 + 70 - (-20 - -32) - (-7 + (12 - 4)).
58
Evaluate 12 + (13 - (-7 - ((-16 - 102) + 13))).
-73
15 + -13 - ((0 - 8 - -7) + 4)
-1
(25 - (60 + 5) - -48) + (-1 - 0 - 14)
-7
Calculate (5 - 15) + 6 + -9 + (4 - 20 - -33).
4
What is the value of 96 - (-2 + 24 + 8 + -7)?
73
What is the value of (15 - (-3 + -9 + 11)) + (32 - 2)?
46
What is 23 + -57 - (-67 + 25) - 11?
-3
What is (-23 + 5 - -35) + (-1 - 1 - 15)?
0
What is 19 - (-20 + 99 + -55) - (2 + -37)?
30
Calculate 45 + 92 + -127 - (-2 - 0 - 18).
30
What is the value of -2 + 4 + -14 - (-39 - (-24 - -29) - -122)?
-90
Evaluate -10 - (7 + -4 + (11 - 9) + (-45 - 21)).
51
What is the value of 19 - (2 + -4 - -5) - (-10 - (-27 + 18))?
17
-54 - -14 - (-61 + 55)
-34
What is (-5 - -11 - (3 + 3 + -3)) + 29 + -120?
-88
What is the value of 19 - (53 + -22 + 2 + -18)?
4
Evaluate -18 + 11 - (-63 - -15).
41
Evaluate (-14 - -2) + 64 - (49 + -36).
39
Evaluate -15 + (-32 + 76 - -1).
30
Calculate -168 + 179 - (7 - (3 - -5 - -23)).
35
What is 45 - (-19 - (-77 - 28))?
-41
Evaluate (-100 - -126 - (3 - -55)) + -8.
-40
20 + -65 - (-23 + 10)
-32
Evaluate -71 - (-35 + 13 + 14 + 6).
-69
What is 21 - (14 + -8 + -15 + 13 - 5)?
22
Calculate -20 + (16